6. Let j be n(-6). Suppose 11*a - 50 - 27 = 0. What are the prime factors of j/2 + a - -46?
2, 5
Let a be 3/(6/38) + 38/(-19). Let p be 1 + -4 - (-25 + a). Suppose -5*m - 4*v + 2*v = -977, -5*m + 970 = -p*v. What are the prime factors of m?
3, 5, 13
Let c(d) = -23974*d + 645. List the prime factors of c(-1).
7, 3517
Let q(a) = -a**3 - 7*a**2 - 6*a + 2. Let n be q(-5). Let r = 1081 - 1089. List the prime factors of (45/(-9))/20 + n/r.
2
Suppose 11*c = 5 - 27. Let t = c + -588. What are the prime factors of (-1)/(-4)*-3 - t/8?
73
Let j(u) = 7*u + 93 - u - 94. Let i be 147/6 + 2/(-4). What are the prime factors of j(i)?
11, 13
Let j be 102950/406 - (36/14 - 2). Suppose 2*q - j = 1455. List the prime factors of q.
2, 7, 61
Let j = 5930 + 429. What are the prime factors of j?
6359
Let b(u) = 4*u + 15. Let x be b(-3). Suppose 2*s + 0 - 5 = -3*w, x*w - 3 = 0. What are the prime factors of 93/(s + -2)*-1?
3, 31
Let f(y) = -3*y - 52. Let l be f(-18). Let q(m) = -22*m**l + 7 - 20*m**2 + 2*m + 43*m**2. What are the prime factors of q(-10)?
3, 29
Let b(j) = j**2 - 435*j + 4255. What are the prime factors of b(10)?
5
List the prime factors of -16*((-18)/450*965)/(4/70).
2, 7, 193
Let m be ((-11)/(-5) + 3)*(-3015)/(-18). Let k = m - 174. List the prime factors of k.
17, 41
Suppose -8*m - 42 = -6*m. Let w(i) = i + 148. Let s be w(-39). Let d = s - m. List the prime factors of d.
2, 5, 13
Let u(v) = 8294*v**3 - 3*v**2 - v + 1. What are the prime factors of u(1)?
8291
Let v(j) = 8*j**2 - 65*j + 2278. List the prime factors of v(58).
2, 5, 31, 41
Let h = 30941 + -12769. What are the prime factors of h?
2, 7, 11, 59
Let c(j) = -1 + 4 + 3 - 26*j**2 - 8 + 3*j. Let x be c(1). Let l = -9 - x. List the prime factors of l.
2
Let i = -2405 + 2466. Suppose -3*h - 23 - 148 = 0. Let t = i + h. List the prime factors of t.
2
Let l(h) = -43*h - 1. Let v be l(-1). Suppose -2*g + 2850 = 2818. Let c = v - g. List the prime factors of c.
2, 13
Suppose -11*m + 48 = -8*m. Suppose 2*f - m = -2*y, -4*f + 0*y = -2*y - 14. Suppose 8 = f*z + v - 12, 3*z - 19 = -2*v. What are the prime factors of z?
3
Suppose -5*h - 53116 = -2*w, -2*h + 20331 = 2*w - 32743. What are the prime factors of w?
11, 19, 127
Suppose d - 4*d + 30 = 0. Let l(x) = -d*x**2 + 2*x**3 - 5*x + 6*x - 12 + x + x. List the prime factors of l(5).
3
Suppose 59*j - 2222346 = -2943. What are the prime factors of j?
3, 12539
Let u = 2 + -1. Let q(w) = 2296*w - 1086*w - 1078*w. List the prime factors of q(u).
2, 3, 11
Suppose 2*h - 5147 - 1821 = -4*m, -4*m + 6964 = 3*h. What are the prime factors of m?
2, 109
Let d = 103 - 104. What are the prime factors of 2 + -4 + 6 + (-328)/d?
2, 83
Let d = 9 + 40. Let c = d + -45. Suppose c*o = 5*n + 865, 2*n - n = 5*o - 1076. What are the prime factors of o?
5, 43
Let f = 20129 - 12517. What are the prime factors of f?
2, 11, 173
Let p(i) be the second derivative of i**5/20 - 2*i**4/3 + 31*i**3/6 + 13*i**2/2 - 2*i + 38. List the prime factors of p(12).
31
Suppose -4*p + 3*f + 133 = 0, 0*p - 2*f = 5*p - 149. Let g(x) = -24*x + 9*x**2 + 14 + 88*x - 28*x - p*x. What are the prime factors of g(-4)?
2, 3, 23
Suppose 438875 + 88497 = 62*a. List the prime factors of a.
2, 4253
Let n(d) = 11*d - 8. Let s be n(-12). Let j = 149 + -233. Let x = j - s. List the prime factors of x.
2, 7
List the prime factors of -7*(-10)/(-105) + 3329/3.
1109
Let t be (-2)/(1 - 3)*(-1 - 164). Let q = t - -536. List the prime factors of q.
7, 53
Suppose 23*q = 19*q. Suppose 26*x + 6*x - 48128 = q. List the prime factors of x.
2, 47
Let n = 18 + -13. Let a(h) = 52*h**2 - 31*h + 26. Let v(y) = -18*y**2 + 11*y - 9. Let l(c) = 6*a(c) + 17*v(c). List the prime factors of l(n).
2, 79
Let y be 1*(-5 + 4)*-1. Suppose 1 = 8*z + y. Suppose -619 = -3*g - a - z*a, 3*g = 5*a + 649. What are the prime factors of g?
2, 13
Let o = 1388 + -622. Suppose -5*b = -2*d + o, -5*d - 224 = -2*b - 2160. Suppose -4*s = -2*s - d. List the prime factors of s.
2, 97
Let v(t) = -10*t**2 + 583*t + 130. What are the prime factors of v(56)?
2, 709
Let c be (4/3)/(16/36). Let l be 16/(-8)*c/(-12)*10. Suppose 6*i - 2*f = i + 1055, l*i - 1050 = 3*f. What are the prime factors of i?
3, 71
List the prime factors of ((-52)/(-8))/(54/(-5157)*(-1)/24).
2, 3, 13, 191
Let x(n) = -15 + 4*n - 5 + 7. Let t be x(4). What are the prime factors of (6 + -1 + t)*89/4?
2, 89
Let r(c) = -93*c + 354. Let s(h) = -48*h + 177. Let z(n) = -5*r(n) + 9*s(n). What are the prime factors of z(27)?
2, 3, 7, 17
Let v be (-10 - (9 + -17))/((-2)/(-3)). Let x(n) = -49*n + 34. What are the prime factors of x(v)?
181
Let l = -419 - -640. Suppose 20 - l = -b. Suppose b - 46 = g. What are the prime factors of g?
5, 31
Let l(i) = -3*i**3 + 6*i**2 - 7*i - 8. Let v be l(3). Let w = v + 961. List the prime factors of w.
5, 181
Let j(y) = -8*y + 12 - 119*y**3 + 195*y**3 - 77*y**3 + 20*y**2. Suppose 3*u = 2*u + 19. What are the prime factors of j(u)?
13, 17
Suppose -235 = -20*z + 15*z. Let b = 73 - z. List the prime factors of 7/((-7)/b)*-2*1.
2, 13
Let t = 10 - 2. Let x be -99*(-70)/345 - 16/184. List the prime factors of t/x - (-819)/15.
5, 11
Let k = -49 + 52. Suppose -4*l + 3*b - 399 = 0, 5*b + 455 = -2*l - k*l. List the prime factors of -1 + 4/6 + (-6752)/l.
2, 5, 7
Let x(b) = 273*b**2 - 339*b - 1361. What are the prime factors of x(-4)?
4363
Let t(a) = 5*a**2 - 4*a - 29. Let g be ((-105)/(-10) + -3)/((-3)/(-8)). Suppose 0 = -3*z, 6*h + g = 2*h + 3*z. List the prime factors of t(h).
2, 29
Suppose 5*i - 7277 = -14*i. Let g = -150 + i. List the prime factors of g.
233
Let h = -55 + 51. Let u be -21*h/16 - 2/8. Suppose u*y - 1660 = -550. List the prime factors of y.
2, 3, 37
Let v = 5578 - 3276. List the prime factors of v.
2, 1151
Let p(x) be the first derivative of 229*x**2 + 7*x + 83. List the prime factors of p(1).
3, 5, 31
Let d(a) = 233*a + 4. What are the prime factors of d(33)?
7, 157
Let f(h) = h**2 - 8*h + 19. Let i be f(6). Let n(q) = 0*q**2 - q + 5*q**2 + i*q**2 - 4*q**2 + 1. What are the prime factors of n(1)?
2
Let f = 36 - 113. Suppose -2*c + 166 = -5*a - 305, a = c - 96. Let k = f - a. What are the prime factors of k?
2
Suppose 38157 = 36*q - 191595. What are the prime factors of q?
2, 3191
Let h be (0 + 2)/((-4)/(-1290)). List the prime factors of h/10*(-12)/(-2).
3, 43
Let h(x) = 184*x - 336. What are the prime factors of h(21)?
2, 3, 7
Let y(a) = 3442*a - 10038. List the prime factors of y(7).
2, 7, 251
Suppose -4*z = 4*z. Suppose -7*g + 455 = -z. What are the prime factors of g?
5, 13
Let t be (2 + 21/(-15))/(3/15). Let h be (t + -2)*(7 + 320). Let l = h + -221. List the prime factors of l.
2, 53
Let f(j) = 4*j**2 - 2*j - 3*j**3 + 3*j**2 + 2*j**3 - 4. Suppose -68*q + 199 + 209 = 0. List the prime factors of f(q).
2, 5
Let h = 35195 + -16470. List the prime factors of h.
5, 7, 107
Let g(j) = 154*j**3 + j**2 - 12*j + 21. Suppose 20*l - 11 = 2*w + 25*l, l = 5*w - 13. What are the prime factors of g(w)?
3, 137
Let c(h) = -h**3 - 28*h**2 + 60*h + 28. Let x be c(-30). Suppose -2131 + 17895 = x*m. What are the prime factors of m?
563
Let o(w) = 7*w**2 - w. Let i be o(1). Let p(q) = -3*q**2 + 3*q + 39. Let g be p(-5). Let k = i - g. What are the prime factors of k?
3, 19
Let g = -70329 - -118583. What are the prime factors of g?
2, 23, 1049
Suppose 16148 = 13*o - 10*o + q, -q = 5*o - 26910. Suppose -38*i + 21599 = -o. List the prime factors of i.
2, 5, 71
Let w = -59084 + 106382. What are the prime factors of w?
2, 3, 7883
Suppose -282 = -0*k - 3*k. Let t(h) = -h**2 + 48*h + 2. Let b be t(48). Suppose b*o = 2*a + 3*o - k, -3*a - 5*o = -134. List the prime factors of a.
2, 3
Suppose 4*j = 39 - 3. Let x(m) be the second derivative of m**4/3 - 7*m**3/2 - 5*m**2 - 3*m. What are the prime factors of x(j)?
5
Let k = 368 + -391. Suppose 0 = x + 2*m - 56, -126 = -3*x + 4*m + 82. Let s = k + x. What are the prime factors of s?
41
Let w = 43451 - 13140. What are the prime factors of w?
17, 1783
List the prime factors of (8/7)/((-320)/(-16327360)).
2, 37, 197
Let c(v) = -710*v + 9653. What are the prime factors of c(6)?
5393
Let n = 190 + 15287. What are the prime factors of n?
3, 7, 11, 67
Let v(a) = 10*a**2 + 12*a + 23. Let q be v(-22). Suppose 0 = 4*k - 3*x - 5650, 5*k + 5*x - q - 24